29 + 577. Let l = m + q. What is the remainder when l is divided by 12?
11
Let s be (-836)/6*((-38)/4 - -2). Suppose -s = g - 12*g. Calculate the remainder when g is divided by 32.
31
Let o(j) = 4*j**3 - j**2 - 190*j + 590. What is the remainder when 215 is divided by o(3)?
96
Let f be (-2)/7 + (-74)/(-14). Suppose 5794 - 2239 = f*s. Suppose -2*y = -5*d + s, 4*d + 0*y - 561 = -y. What is the remainder when d is divided by 36?
33
Let j(y) = -y + 4. Let w be j(-11). Suppose -14 = 14*t - w*t. Calculate the remainder when t is divided by (8/2)/(7 + -5 + -1).
2
Let q(s) = -s**2 + 32*s + 1026. Calculate the remainder when 2677 is divided by q(-19).
55
Let p(u) = -121*u + 134. Let a be p(3). Let i = a - -295. Calculate the remainder when i is divided by 17.
15
Suppose x + 4*f - 12 = 3*x, -3*x + 4*f - 12 = 0. Suppose 2*s - 3*p = -2*p + 20, -s + 4*p + 3 = x. What is the remainder when 50 is divided by s?
6
Let c be (-1 - 5) + 1 + -2. Let r(d) = d**3 + 9*d**2 - 4*d - 1. What is the remainder when r(c) is divided by 22?
15
Let a(n) = n**3 - 8*n**2 + 8*n + 24. Let y be a(6). Suppose y = 5*m - 78 - 62. Calculate the remainder when m is divided by 16.
12
Suppose -q = -5*s - 9, 4*q + 18 = -s + 117. What is the remainder when 151 is divided by q?
7
What is the remainder when 926 is divided by ((-504)/(-2))/4 - 5?
56
Let p = -3043 - -3154. Calculate the remainder when 668 is divided by p.
2
Let y = 832 - 813. Calculate the remainder when 548 is divided by y.
16
Let q(i) = -i**2 + 54. What is the remainder when 403 is divided by q(0)?
25
Suppose 11 + 9 = -4*r - 5*y, 8 = r - 2*y. Let f be r/(((-3)/(-9))/(1/(-3))). Suppose p - 2*p + 1 = f. What is the remainder when 1 is divided by p?
0
Let g(q) = 108*q**2 + 2*q + 1. Let u = 43898 - 43871. Calculate the remainder when g(-1) is divided by u.
26
Let z = 9197 + -9116. What is the remainder when 5424 is divided by z?
78
Let f(t) = 21*t**2 - 5*t + 2. Calculate the remainder when f(5) is divided by 94.
32
Suppose c = 3*q + 5, q + q = 4*c - 20. Suppose -c*y - 33 = 2. Let o = y - -110. What is the remainder when o is divided by 21?
19
Let p = 54 - 33. Let v = -35 - -61. Calculate the remainder when v is divided by p/(-6)*-1*2.
5
Let x be ((-30)/12)/((-10)/24). Suppose -3*m + 2*z - x + 33 = 0, -6 = 2*z. Calculate the remainder when 15 is divided by m.
1
Let i be -6 + -2 + 8 - -762. Let k = -725 + i. Calculate the remainder when k is divided by 5.
2
Let z = 12162 - 12105. Calculate the remainder when 1296 is divided by z.
42
Let r = -201 - -236. Let l = -40 + 41. What is the remainder when r is divided by (-2 + (-3 - l) + -3)/(-1)?
8
Suppose 72*v - 60662 = -16310. Calculate the remainder when v is divided by 48.
40
Let u(o) = 7*o**2 - 53*o - 354. What is the remainder when u(-8) is divided by 171?
5
Let c = 22 - 4. Let z(l) = -425*l - 360 + 251*l - 651. Calculate the remainder when z(-6) is divided by c.
15
Let g(j) = 6*j - 50. Let q = 8 - -1. Calculate the remainder when 82 is divided by g(q).
2
Let g be ((-16)/10)/(2/(-5)). Suppose -3*x - 39 = -2*a - g*x, 5*a + x - 99 = 0. Calculate the remainder when 277 is divided by a.
17
Let w(y) = y. Let g be w(-2). Let f be (-25)/30*3*4/g. Suppose 0 = -r + f + 7. What is the remainder when 69 is divided by r?
9
Let l be -4*(-1 + 2) - (-2 - 12). Suppose 3*m + 2*b - 47 = 0, -12*m + l = -10*m - 4*b. Calculate the remainder when 17 is divided by m.
4
Let f be (12/10)/(-3) + (-16)/10. Calculate the remainder when -1*4/((-8)/6) is divided by 0/(-1) - (f + -1 + 1).
1
Suppose -3*u + 26*u - 455 = 833. What is the remainder when 459 is divided by u?
11
Suppose 8*b - 19863 = 12105. What is the remainder when b is divided by 32?
28
Let c(t) = -3*t**3 + 4*t**2 - 5. Let l be c(2). Let a = l + 37. Calculate the remainder when 48 is divided by a.
0
Let k(s) = -20*s + 346. Calculate the remainder when k(5) is divided by 122.
2
Suppose -1433 + 1409 = -4*h. Let j(x) = x + 17 - 1 + 7. Calculate the remainder when 114 is divided by j(h).
27
Let r be (66/(-4))/((-3)/4). Let t = -227 - -224. Let a = t + r. What is the remainder when 55 is divided by a?
17
Let k = 90 - 140. Let n = 49 + k. Calculate the remainder when 52 is divided by 5 + n + 0 + 10.
10
Suppose 8*u - 3*b = 9*u - 16, -u = -3*b - 46. Let p = -18 + u. Let f(w) = -w**2 + 3. What is the remainder when p is divided by f(0)?
1
Let b be 1/((-2)/(-310)) + (-207)/(-69). Suppose 2*c - b = 14. What is the remainder when c is divided by 23?
17
Let v = 1 + 24. What is the remainder when (2736/(-360))/((-2)/10) is divided by v?
13
Let y = -20704 - -20907. Suppose 0 = -m + l + 36, 2*m + l = 5*m - 106. Calculate the remainder when y is divided by m.
28
Let y = 246 - 233. Suppose -y*s = -19*s + 54. What is the remainder when 188 is divided by s?
8
Suppose 5397 - 117732 = -68*l + 196453. Calculate the remainder when l is divided by 126.
5
Suppose 2*b + 122 = 4*z + 4*b, 0 = -2*b - 2. Let m = z + -30. What is the remainder when 11 is divided by (-2 - -4) + m - 1?
1
Let x(s) = s + 17. Let r be x(-17). Suppose 2*b + 10 - 158 = r. Calculate the remainder when b is divided by 49.
25
Suppose -46 = 12*j + 14. Let v(n) = -6*n + 2. Suppose -3*f = -2*f - 5*a + 3, 3*f - 39 = 3*a. Calculate the remainder when v(j) is divided by f.
15
Let i(h) = -h**3 + 42*h**2 - 9*h + 410. What is the remainder when 9278 is divided by i(42)?
30
Let q be (-2)/9 - 114/(-27). Suppose q*m + 5*s = 41, 0*m - 5*s - 29 = -m. Suppose m*w - 134 = 12*w. What is the remainder when w is divided by 20?
7
Let h(z) = 2*z + 10. Let j = 1 + 3. Suppose j*q - 20 = -4*a, q + 2 = -q. What is the remainder when h(a) is divided by 10?
2
Suppose -128*b = 20*b - 11988. What is the remainder when 699 is divided by b?
51
Let z = 93 - 89. Let p(c) = -4*c + 27. What is the remainder when 109 is divided by p(z)?
10
Suppose 3*n + 4*p - 2291 = 0, 4*n + 4*p - 672 = 2372. What is the remainder when n is divided by 122?
21
Let z(p) = -p**3 - 61*p**2 - 590*p + 22. What is the remainder when (1 - 1)/2 - -159 is divided by z(-12)?
21
Suppose -3*p = -7*p - 1136. Let x = p + 359. Suppose -2*d = -4*d + 76. Calculate the remainder when x is divided by d.
37
Let s = 496 + -88. Let c be 10/2*s/85. Let t = c + -14. Calculate the remainder when t is divided by 6.
4
Calculate the remainder when 149 is divided by (-3)/(13 + 944/(-72)).
14
Suppose -4*q = j - 3, -4*j - 7 = j - 2*q. Let p be -3 + (j*3)/(3/(-2)). What is the remainder when (59*4/12)/(p/(-3)) is divided by 12?
11
Let m = 42 + -20. Let y be ((-48)/(-18))/(2/1581). Suppose y - 143 = 15*f. What is the remainder when f is divided by m?
21
Let n = 2633 - 2627. Let u be ((-92)/1)/((-4)/4). Suppose 10 = 2*s - u. Calculate the remainder when s is divided by n.
3
Suppose -218 = -l - 2*f, -27 + 689 = 3*l + 5*f. Calculate the remainder when l is divided by 31.
17
Let a(c) = c**3 + 27*c**2 + 5. Let s be a(-27). Suppose -191 = -4*r - p, -4*r + 191 + s = -4*p. What is the remainder when 188 is divided by r?
44
Suppose -7*j + 77 = -679. Calculate the remainder when (53 - -4)/(6*2/j) is divided by 103.
101
Let g = 7 + -4. Suppose 3*x + x = -4*q + 100, 2*q = g*x - 60. What is the remainder when x is divided by 750/58 - 1462/(-21199)?
9
Suppose 0 = -2*l - 5 + 93. Let n = 61 + l. What is the remainder when n is divided by 12?
9
Suppose -9 = -2*f - 3. Suppose -3*x + f*y + 15 = -0*x, 4*x - 44 = -4*y. Suppose 0 = -15*n - 0*n - 3*n + 504. What is the remainder when n is divided by x?
4
Suppose -3*n = 14*x - 1407, 4*n + x - 6*x = 1805. What is the remainder when n is divided by 49?
14
Let g = 147 + -373. Let f = g - -298. What is the remainder when 286 is divided by f?
70
Calculate the remainder when 320 + 0/(2 - -10) is divided by 12.
8
Let o(r) = 91*r**2 - 257*r + 256. Calculate the remainder when 217 is divided by o(1).
37
Suppose -201 = -200*d + 203*d. Let i = d + 129. What is the remainder when i is divided by 9?
8
Let u(x) = 60*x - 4283. Calculate the remainder when u(76) is divided by 9.
7
Suppose 47*v = -g + 52*v + 64, 94 = 3*g - v. What is the remainder when 317 is divided by g?
27
Suppose -15*x - 6*x + 622 = -281. What is the remainder when 310 is divided by x?
9
Suppose 5*r - 45 = -5*n, -5*r = 5*n - 2*r - 51. Suppose n = 2*j + 2*u, -2 = -4*j - 2*u + 16. Calculate the remainder whe